7.
27
Suppose 2*f - 20745 = 5*j, 2*f + 4*j = 3*j + 20739. Let m be 5 + 6/(-15) + f/50. What is the greatest common factor of m and 53?
53
Suppose 4*t + 2*q = 16, -3*t + 0*q + 12 = -5*q. Let o = 223 + -205. Suppose 7*j = 206 + o. What is the highest common divisor of t and j?
4
Let q be 30355/65 + (-3 - (1 + -17)). What is the highest common factor of q and 1860?
60
Let j(f) = f**3 - f**2 - 12*f + 8. Let x be j(8). Let n be ((-2380)/51)/(21/(-18)). What is the highest common factor of n and x?
40
Let q be (-42)/9*6450/(-172). What is the highest common factor of q and 1775?
25
Let f be 81180/(-550)*(-2 - 44/8). Calculate the highest common divisor of 287 and f.
41
Suppose 98*i - 100*i = -4. Suppose -23 = i*h - 33. Suppose -2*j - h*k = -6, j + 3*k = 1 + 1. What is the highest common factor of 20 and j?
4
Suppose 0 = -48*u + 4*u + 37887 + 21513. What is the highest common divisor of u and 190?
10
Suppose 0 = -828*f + 832*f - 1036. Let g = f + 20. Calculate the greatest common factor of 372 and g.
93
Suppose -6*s + 18 = -3*s. Let h be 0 - (0 + (1 - 2)). Let m be (-6)/9*(-18)/h. Calculate the greatest common factor of s and m.
6
Let w(i) = -i - 2 - 12 + 3*i**2 + 4*i + 0*i**2. Let n be w(-5). Let d be -3*(-46)/6*1. Calculate the greatest common factor of n and d.
23
Let o = -101 - -145. Suppose -2*b = -4*n + 98, 4*b + 20 = -0*b. Suppose -7*v + 9*v = n. Calculate the highest common divisor of o and v.
11
Let h be (-333 - -9)/2*40/(-6). Calculate the greatest common divisor of 675 and h.
135
Suppose -2*s - 74 + 94 = 0. Calculate the highest common factor of s and 225.
5
Suppose 26*a - 21046 = -8*a. Suppose 2*p - a = 101. What is the highest common divisor of p and 45?
45
Suppose m = 4*i + 1194, i - 171 + 6065 = 5*m. What is the highest common divisor of m and 323?
19
Suppose 0 = -8919*w + 8910*w + 12051. What is the greatest common factor of w and 206?
103
Suppose 3*f - 5*d - 11 - 24 = 0, 41 = 3*f - 2*d. Suppose -2*n + f = -97. Suppose 7 - 872 - 241 = -79*g. What is the greatest common factor of g and n?
14
Suppose -45 = -5*i - r - 0*r, -i - 4*r + 9 = 0. Let x(k) = -5*k + 40. Let n be x(i). Let s be (-1)/(n/100) + 5. What is the greatest common factor of s and 20?
5
Let z = 167 + -122. Suppose -2*q + 3*t = -z - 21, 0 = 2*q + 2*t - 76. What is the greatest common factor of 54 and q?
18
Let f(k) = k**2 + 43*k - 279. Let y be f(29). What is the highest common factor of 459 and y?
27
Let i = -139 - -149. Let t(w) = 41*w + 45. Let m be t(i). What is the highest common divisor of m and 35?
35
Let v = 4647 + -4470. Calculate the highest common factor of v and 944.
59
Let t(j) = -j**3 + 3*j**2 + 82*j - 28. Let g be t(9). Calculate the greatest common factor of g and 308.
28
Suppose 2*h = 2 - 6, -3*h = -3*f + 90. Suppose -4*i = -61 - 51. Suppose 0 = -0*l + 2*l - 3*j - 56, l - i = j. What is the highest common divisor of f and l?
28
Let v(z) = -7*z**2 + 15*z + 12. Let t(u) = -8*u**2 + 16*u + 13. Let c(k) = 5*t(k) - 6*v(k). Let o be c(6). What is the highest common divisor of o and 55?
5
Let m be (-10 - 24965/(-15))/((-7)/(-3) - 2). What is the greatest common factor of 14 and m?
7
Suppose -23*w - 130 + 35 = -28*w. Let i(k) = -62*k**3 - 2*k**2 - 3*k. Let n be i(-2). Calculate the greatest common factor of w and n.
19
Let u(g) = 8*g + 491. Let n be u(-59). What is the greatest common divisor of n and 171?
19
Let s = 136 + 204. Let o = s - 291. What is the highest common factor of 28 and o?
7
Let s(g) = -63*g + 246. Let m be s(3). Calculate the greatest common factor of m and 19.
19
Let p(k) = 4*k**3 - 8*k**2 - 31*k + 2. Let i be p(7). Let b = 777 - i. What is the highest common factor of 660 and b?
12
Let w = -127 - -131. Suppose w*t + 13 = 53. Suppose 16 = -4*i, 3*z + 5*i - t = 6*i. Calculate the highest common factor of z and 16.
2
Suppose 13*w - 12*w - 2 = 0. Let d be 0 - (215 + w + -1). Let i be ((-4)/(-6))/((-16)/d). What is the greatest common factor of 18 and i?
9
Let j(r) = r**3 + 7*r**2 - 13*r - 36. Let i be j(-8). Let z be 20*2*2/i*-2. Let m be (-1)/(-5 + (-198)/z). Calculate the greatest common divisor of m and 80.
20
Let k be 8 + (17/34)/(1/572). Calculate the highest common factor of k and 196.
98
Suppose -9 = 4*i + 7, -2*i + 16 = 4*z. Let k be 70 + (z/(-27))/(10/(-90)). Calculate the greatest common divisor of k and 45.
9
Let g = 276 - 193. Let d = g - 37. Calculate the highest common factor of d and 230.
46
Let p(w) = -w**3 - 36*w**2 + 373*w - 114. Let z be p(8). Let q = -16 - -28. Calculate the greatest common divisor of q and z.
6
Suppose 0 = -2*x - 0*x + 42. Suppose -70*p + 205 = -68*p - 5*l, 5*l = -p + 110. Calculate the highest common divisor of x and p.
21
Suppose -r - 2*m + 48520 = 0, -104*m + 242624 = 5*r - 106*m. Calculate the highest common divisor of r and 28.
28
Suppose 1865*t - 1869*t = -528. What is the highest common divisor of t and 1276?
44
Let t = 279 - 89. Let v = -78 + t. Calculate the highest common factor of 14 and v.
14
Let c(r) = -6*r**3 + 14*r**2 - 27*r - 212. Let l be c(-5). Calculate the greatest common divisor of l and 99.
33
Let c be 30/20*(-18 - -40). Calculate the highest common divisor of 2211 and c.
33
Let x be ((-1059)/9 - 1) + (-7)/21. Let t = -117 - x. Suppose -t*q + s + 23 = -0*s, -5*q = -s - 65. Calculate the greatest common divisor of 70 and q.
14
Suppose 5*m - 3*m = -4*q + 22, -33 = -5*m + q. Suppose 1719 = 5*p - 4*n, -5*n - 479 = -4*p + 898. Calculate the highest common factor of p and m.
7
Suppose 2*n + 629 = -3*c - 0*c, -3*n - 6*c - 939 = 0. Let f = n + 327. What is the highest common divisor of 20 and f?
4
Let s(d) be the third derivative of -41*d**4/24 + 145*d**3/6 - 16*d**2 + 1. Let m be s(-15). Calculate the highest common factor of 40 and m.
40
Let d(v) = -v**3 + 6*v**2 + 45*v - 33. Let y be d(9). What is the greatest common factor of 45 and y?
3
Suppose -8 = 2*w + f, 5*w + 7 + 13 = 3*f. Let t(n) = n**3 + 4*n**2 - n - 2. Let j be t(w). Calculate the greatest common factor of j and 9.
1
Suppose -708 - 1479 = -9*d. Suppose 9*p + 81 = d. Calculate the highest common factor of 12 and p.
6
Let j(g) = g + 12. Let v be j(-13). Let l be ((-15)/3 - v) + -9. Let t = l - -85. Calculate the highest common divisor of 24 and t.
24
Suppose -129*l + 168 = -136*l. Let q be (-36)/l*(-2)/(-3). Calculate the highest common divisor of 2 and q.
1
Suppose 731*t = -2*b + 730*t + 151, -4*b + 305 = t. What is the highest common divisor of b and 5621?
77
Let k(b) = -58*b + 1922. Let d be k(32). Suppose 474 = r - 120. Calculate the highest common factor of d and r.
66
Suppose 4*q + 5*x = 62, -2*x + 7*x = -2*q + 26. Suppose 3 + q = u. Let c be -6*(-235)/30 - 5. Calculate the greatest common factor of u and c.
21
Let y be 2 - 22*(-2)/4. Suppose 0 = -8*o + y*o - 2545. Let h be 2/7 + (-1 - o/(-7)). What is the highest common factor of 24 and h?
24
Let c be -4836*(-16)/96*6. Calculate the highest common factor of 117 and c.
39
Suppose -w - 343 = -5*i, -33*i - 4*w = -28*i - 353. What is the greatest common factor of 1311 and i?
69
Let n = 0 - 27. Let w(q) = -6*q - 147. Let u be w(n). What is the greatest common divisor of 33 and u?
3
Suppose -2*d = 5*d - 135 - 194. What is the highest common divisor of d and 9024?
47
Let d be (-5)/10*276/3. Let v = 49 + d. Suppose -4*g + 3*x = -168 + 39, v*g - 133 = -5*x. What is the highest common factor of g and 9?
9
Let a(z) = 11*z**2 + 9*z - 12. Let k be a(5). Suppose -2*v + x = -176, 0*x = 5*v - 3*x - 440. Calculate the greatest common divisor of v and k.
44
Suppose 5*j - 471 = -2*a, 25*a - 479 = 23*a + 3*j. What is the greatest common divisor of 196 and a?
14
Suppose -107 = -2*q + 3. Let p = q + -29. Let b = 170776 - 170490. What is the greatest common factor of p and b?
26
Suppose 0 = -4*w + 3375 - 1583. Let h(r) = -5*r + 54. Let q be h(8). Calculate the greatest common divisor of w and q.
14
Suppose -5*p + 1585 = -5*v, 0 = 2*p - 4*v - 748 + 116. Suppose -557 - 69 = -4*q + n, 2*q - 3*n = p. Calculate the highest common factor of 72 and q.
12
Let y be (30/45 - (-3)/9 - 9) + 149. Calculate the highest common factor of y and 96.
3
Suppose 0 = 4*w - 4*x - 105554 - 19538, w - 4*x = 31300. What is the highest common factor of 64 and w?
32
Let p(k) = 4*k**2 - 2*k + 1400. Let f be p(-47). What is 